igit of 39583?
3
What is the hundreds digit of 2117?
1
What is the thousands digit of 3276?
3
What is the tens digit of 309?
0
What is the units digit of 7290?
0
What is the ten thousands digit of 20254?
2
What is the tens digit of 1931?
3
What is the hundreds digit of 78988?
9
What is the units digit of 11265?
5
What is the tens digit of 1251?
5
What is the units digit of 6353?
3
What is the thousands digit of 1303?
1
What is the tens digit of 3965?
6
What is the units digit of 32277?
7
What is the hundreds digit of 2286?
2
What is the hundreds digit of 23430?
4
What is the hundreds digit of 1513?
5
What is the units digit of 574?
4
What is the hundreds digit of 20246?
2
What is the hundreds digit of 4480?
4
What is the units digit of 21055?
5
What is the hundreds digit of 5330?
3
What is the hundreds digit of 8067?
0
What is the tens digit of 918?
1
What is the thousands digit of 2766?
2
What is the tens digit of 43805?
0
What is the units digit of 166?
6
What is the thousands digit of 8147?
8
What is the tens digit of 3072?
7
What is the units digit of 28683?
3
What is the tens digit of 293?
9
What is the units digit of 2270?
0
What is the units digit of 1874?
4
What is the units digit of 84?
4
What is the hundreds digit of 1146?
1
What is the thousands digit of 1425?
1
What is the thousands digit of 9032?
9
What is the thousands digit of 1226?
1
What is the thousands digit of 1280?
1
What is the tens digit of 21?
2
What is the tens digit of 67559?
5
What is the hundreds digit of 3958?
9
What is the units digit of 12827?
7
What is the tens digit of 2050?
5
What is the hundreds digit of 470?
4
What is the hundreds digit of 801?
8
What is the hundreds digit of 3539?
5
What is the units digit of 12442?
2
What is the tens digit of 31?
3
What is the hundreds digit of 212?
2
What is the thousands digit of 4907?
4
What is the tens digit of 7235?
3
What is the hundreds digit of 299?
2
What is the tens digit of 6916?
1
What is the hundreds digit of 1322?
3
What is the tens digit of 707?
0
What is the hundreds digit of 8989?
9
What is the units digit of 542?
2
What is the hundreds digit of 896?
8
What is the hundreds digit of 17162?
1
What is the units digit of 2608?
8
What is the tens digit of 6835?
3
What is the ten thousands digit of 61813?
6
What is the units digit of 646?
6
What is the units digit of 1277?
7
What is the tens digit of 594?
9
What is the hundreds digit of 4343?
3
What is the hundreds digit of 686?
6
What is the units digit of 37389?
9
What is the hundreds digit of 12594?
5
What is the units digit of 42?
2
What is the units digit of 8177?
7
What is the hundreds digit of 7679?
6
What is the units digit of 5432?
2
What is the thousands digit of 1412?
1
What is the hundreds digit of 35773?
7
What is the thousands digit of 124917?
4
What is the tens digit of 3637?
3
What is the tens digit of 528?
2
What is the units digit of 2884?
4
What is the tens digit of 1020?
2
What is the units digit of 1943?
3
What is the hundreds digit of 2159?
1
What is the thousands digit of 1753?
1
What is the thousands digit of 13437?
3
What is the tens digit of 28437?
3
What is the hundreds digit of 1109?
1
What is the units digit of 4618?
8
What is the units digit of 101824?
4
What is the thousands digit of 6787?
6
What is the hundreds digit of 64865?
8
What is the thousands digit of 4203?
4
What is the thousands digit of 1064?
1
What is the hundreds digit of 1285?
2
What is the ten thousands digit of 28730?
2
What is the hundreds digit of 1693?
6
What is the hundreds digit of 144?
1
What is the units digit of 848?
8
What is the tens digit of 775?
7
What is the ten thousands digit of 41631?
4
What is the thousands digit of 31987?
1
What is the tens digit of 1489?
8
What is the ten thousands digit of 16883?
1
What is the tens digit of 9181?
8
What is the thousands digit of 1707?
1
What is the tens digit of 230?
3
What is the ten thousands digit of 24165?
2
What is the tens digit of 183?
8
What is the thousands digit of 15205?
5
What is the tens digit of 2679?
7
What is the hundreds digit of 48046?
0
What is the hundreds digit of 232?
2
What is the tens digit of 3541?
4
What is the hundreds digit of 160932?
9
What is the hundreds digit of 931?
9
What is the thousands digit of 1962?
1
What is the hundreds digit of 93355?
3
What is the tens digit of 167?
6
What is the tens digit of 264?
6
What is the ten thousands digit of 55586?
5
What is the tens digit of 997?
9
What is the hundreds digit of 529?
5
What is the thousands digit of 6065?
6
What is the tens digit of 1043?
4
What is the ten thousands digit of 23207?
2
What is the hundreds digit of 24693?
6
What is the tens digit of 6712?
1
What is the tens digit of 3685?
8
What is the ten thousands digit of 64231?
6
What is the tens digit of 2048?
4
What is the tens digit of 1921?
2
What is the thousands digit of 49209?
9
What is the tens digit of 6902?
0
What is the ten thousands digit of 37322?
3
What is the units digit of 57773?
3
What is the tens digit of 1616?
1
What is the hundreds digit of 655?
6
What is the ten thousands digit of 12041?
1
What is the thousands digit of 1010?
1
What is the thousands digit of 3376?
3
What is the ten thousands digit of 14334?
1
What is the thousands digit of 2217?
2
What is the tens digit of 1057?
5
What is the units digit of 159754?
4
What is the thousands digit of 49313?
9
What is the units digit of 1419?
9
What is the thousands digit of 6384?
6
What is the thousands digit of 6538?
6
What is the hundreds digit of 100387?
3
What is the units digit of 24926?
6
What is the hundreds digit of 14283?
2
What is the units digit of 1279?
9
What is the ten thousands digit of 95714?
9
What is the tens digit of 4067?
6
What is the tens digit of 1549?
4
What is the tens digit of 5534?
3
What is the thousands digit of 21771?
1
What is the units digit of 1437?
7
What is the units digit of 431?
1
What is the thousands digit of 7002?
7
What is the thousands digit of 131438?
1
What is the hundreds digit of 1841?
8
What is the hundreds digit of 10748?
7
What is the tens digit of 1664?
6
What is the ten thousands digit of 13002?
1
What is the hundreds digit of 13619?
6
What is the hundreds digit of 69779?
7
What is the tens digit of 4358?
5
What is the tens digit of 857?
5
What is the units digit of 2187?
7
What is the tens digit of 13199?
9
What is the tens digit of 36942?
4
What is the tens digit of 4011?
1
What is the hundreds digit of 493?
4
What is the tens digit of 67109?
0
What is the thousands digit of 7294?
7
What is the units digit of 1439?
9
What is the units digit of 2618?
8
What is the hundreds digit of 2873?
8
What is the tens digit of 753?
5
What is the units digit of 305?
5
What is the thousands digit of 1072?
1
What is the hundreds digit of 9019?
0
What is the hundreds digit of 39754?
7
What is the units digit of 33355?
5
What is the units digit of 102609?
9
What is the thousands digit of 10189?
0
What is the units digit of 4561?
1
What is the units digit of 1294?
4
What is the units digit of 334?
4
What is the hundreds digit of 680?
6
What is the thousands digit of 2753?
2
What is the ten thousands digit of 13006?
1
What is the hundreds digit of 1111?
1
What is the thousands digit of 2457?
2
What is the thousands digit of 12886?
2
What is the tens digit of 42562?
6
What is the tens digit of 1255?
5
What is the tens digit of 281?
8
What is the hundreds digit of 62876?
8
What is the tens digit of 69319?
1
What is the units digit of 1917?
7
What is the tens digit of 3137?
3
What is the thousands digit of 3302?
3
What is the tens digit of 20057?
5
What is the hundreds digit of 24511?
5
What is the thousands digit of 1638?
1
What is the hundreds digit of 755?
7
What is the units digit of 23661?
1
What is the hundreds digit of 5541?
5
What is the units digit of 2527?
7
What is the thousands digit of 7630?
7
What is the tens digit of 50?
5
What is the tens digit of 10766?
6
What is the tens digit of 2245?
4
What is the units digit of 5234?
4
What is the units digit of 3748?
8
What is the ten thousands digit of 18751?
1
What is the units digit of 327?
7
What is the hundreds digit of 17743?
7
What is the units digit of 5955?
5
What is the thousands digit of 3337?
3
What is the 